be 6/(-30) + t/(-10). What is the greatest common factor of 105 and f?
15
Let f = -6 + 7. Let a(j) = 11*j + 1. Let g be a(f). Calculate the highest common divisor of 96 and g.
12
Let n be (-48)/9*-3 + -2. What is the greatest common divisor of 21 and n?
7
Let x be (-4)/6 - (-68)/12. Suppose -2 = -x*g + 3. Let r be (-2)/(0 + -1) + 2. What is the greatest common factor of g and r?
1
Suppose j - 283 = 14. What is the greatest common factor of 27 and j?
27
Suppose 0 = b + 3*b. Suppose m - 3 = -b. Suppose 7*c = m*c + 484. Calculate the highest common divisor of c and 11.
11
Let g = -37 + 67. Suppose -20 = -5*f + g. What is the greatest common factor of 10 and f?
10
Let g be 1 - -42 - (-2 - -3). Suppose 2*o = -2*o + 112. Calculate the greatest common factor of o and g.
14
Suppose 3*j + m + 0*m - 16 = 0, 5*j - m - 16 = 0. Let i be ((-40)/(-6))/((-1)/(-6)). Calculate the greatest common divisor of j and i.
4
Suppose -4 = -t, 0*f + 42 = -2*f + 5*t. Let r = f + 19. Suppose 2*o - 156 = -0*l - 3*l, l = 4. Calculate the greatest common divisor of r and o.
8
Suppose -446 = -5*f + 1199. Suppose -4*l + 2*d + f = l, 69 = l - 2*d. Calculate the highest common factor of l and 26.
13
Suppose -2*d - 10 = -2*r, -2*r - r + d = -9. Suppose -3*v + 105 = -3*u, -4*u + 10 = -v + r*v. Calculate the highest common divisor of 6 and v.
6
Let k(h) = -2*h**3 - 4*h**2 - 5*h - 2. Let o be k(-2). What is the highest common factor of o and 24?
8
Suppose 5*o + 27 = k - 5*k, -6 = 2*o. Let g be -1*(-2 - k) + 3. Let m be (51/g)/(3/4). What is the greatest common divisor of m and 17?
17
Suppose 5*v - 9*v = -32. What is the greatest common divisor of 8 and v?
8
Suppose 0 = 4*h + 7 + 1. Suppose 3*k - 5 = 4*m, -4*m = -0*k + 4*k + 40. Let y = h - m. What is the greatest common factor of y and 1?
1
Let n(k) = 22*k**2. Let r be 21/6 + (-1)/2. Let f be n(r). Let w(m) = m**2 + 4*m - 3. Let s be w(-7). Calculate the highest common divisor of f and s.
18
Let o = 26 - 16. What is the highest common divisor of 5 and o?
5
Let l(t) = t**2 + 19*t + 24. Let q be l(-18). Let c be ((-28)/2)/(-2) - 1. Calculate the highest common divisor of q and c.
6
Let i be -25 - (-3)/((-3)/2). Let b be (-2)/4*i*-2. Let d = b - -66. Calculate the greatest common divisor of d and 13.
13
Suppose 5*n + 16 = n. Let c be ((-12)/15)/(n/10). Calculate the greatest common factor of 12 and c.
2
Let j = 1 + -2. Let w be 1 - 0 - (-1)/j. Let r be 17*1*(w - -3). Calculate the greatest common factor of 34 and r.
17
Suppose 4*t = t - 2*y + 20, -5*t + 16 = -y. Suppose -t*z = -240 - 240. What is the greatest common divisor of z and 12?
12
Suppose -2*i - 1 = 9. Let l be (-1)/i - (-870)/25. Calculate the greatest common divisor of l and 7.
7
Let m be (18/4)/((-6)/8). Let u(p) = -p**2 - 8*p - 5. Let y be u(m). Let k = y - 4. Calculate the greatest common factor of k and 27.
3
Let h(z) = 2*z**2 - 12*z - 9. Let b be h(8). Calculate the greatest common factor of 115 and b.
23
Suppose 4*m + 3*c = 162, c + 235 - 42 = 5*m. Calculate the highest common factor of m and 13.
13
Suppose -2*k = -1 - 9. Let h be (2/(-5))/(1/k). Let n = 6 - h. What is the highest common factor of 8 and n?
8
Let d = 21 + -4. What is the highest common factor of 85 and d?
17
Let s(y) be the third derivative of y**5/60 + y**4/4 - 7*y**3/6 + 7*y**2. Let r be s(5). Calculate the highest common factor of 72 and r.
24
Suppose 3*b - 2*k = 1690, -2*b + b - 4*k = -540. Suppose 0 = -5*f - 0*f + b. What is the highest common factor of f and 16?
16
Suppose -4*s - s + 15 = 0, 3*s = -4*y + 485. Let f = 11 + y. Suppose -6*g + g = -f. Calculate the greatest common factor of g and 65.
13
Suppose -3*l + 3 = -6. Let c be -1*-17*(l - 2). Calculate the highest common factor of 119 and c.
17
Suppose s + 3*s - 28 = 2*d, 0 = 3*s - d - 20. Let q be (-47)/(-1) + (0 - -1). What is the highest common divisor of q and s?
6
Let m be (-20)/(-6)*126/15. What is the highest common divisor of m and 21?
7
Let o be 512/24 - 4/(-6). What is the greatest common divisor of 11 and o?
11
Let t = -1 + 6. Let a = 61 - -39. Let d = 140 - a. What is the highest common factor of t and d?
5
Suppose -5*w = -324 + 84. Let k(l) = l**3 - 14*l**2 + l + 18. Let o be k(14). Calculate the greatest common factor of o and w.
16
Let b = 9 - 6. Suppose 0 = -5*n - 20, b*y = 4*n + 34 - 135. Let j = -18 - y. Calculate the greatest common divisor of 7 and j.
7
Let i = 313 - 304. Let m(p) = p**2 + 0*p**2 + 3*p + 0*p**2 + 2. Let x be m(7). Calculate the greatest common divisor of i and x.
9
Suppose 4*v - 16 = -5*q - 2, 4*v = -3*q + 2. Let d(j) = -j**2 + j + 4 - j + 3*j. Let s be d(3). What is the greatest common factor of s and q?
2
Let r be 2 + 7/(14/36). Suppose 2*i = -4*o + 36, o - 34 = -2*o + 2*i. What is the highest common divisor of o and r?
10
Suppose -2*y + 2*x - 1 = 1, 3*x = 9. Let o = 66 + 39. Suppose 5*v - y*i + 7 - o = 0, 2*i = 4*v - 78. Calculate the greatest common factor of v and 4.
4
Let y = 5 - -138. What is the highest common factor of y and 11?
11
Let l(j) = j**3 + 5*j**2 + 5*j + 1. Let z be l(-2). Suppose -z*p = -10 - 23. Calculate the greatest common divisor of p and 33.
11
Let h(g) = g**3 + 10*g**2 + 16*g + 7. Let z be h(-8). What is the highest common factor of z and 77?
7
Let r be 129/12 - (-2)/8. Suppose 0 = 5*b - b - 12. Suppose 0*c + 2*c = -b*f + 373, -4*f + 2*c = -474. Calculate the highest common factor of f and r.
11
Suppose -5*t + 1327 = -278. Let p = -158 + t. Let u = p + -31. Calculate the greatest common divisor of 12 and u.
12
Suppose 4*u - 4*d - 80 = 0, u = -0*u - 4*d + 40. Let c = 0 - -9. Suppose 5*t - c = 2*t. Calculate the greatest common factor of t and u.
3
Let s(m) = m**3 + 5*m**2 - 8*m - 2. Let n(q) = q**2 + 6*q - 1. Let v be n(-5). Let a be s(v). What is the highest common factor of a and 20?
10
Let n be -3*(-1)/(-6)*-10. Suppose 2*p - i - 7 = -1, n*i = -2*p + 30. Calculate the highest common divisor of 5 and p.
5
Let g be 6/9 - 2/(-6). Let s be g - 1/((-1)/4). What is the highest common divisor of s and 25?
5
Suppose -2*p = -3 + 1. What is the highest common divisor of p and 11?
1
Let i(x) be the second derivative of -x**4/12 + 3*x**3 - 4*x**2 - 2*x. Let m be i(8). What is the greatest common factor of m and 8?
8
Let w = -151 + -7. Let h(l) = l**3 - l - 94. Let b be h(0). Let q = b - w. What is the highest common factor of q and 8?
8
Suppose 5*g - 60 + 0 = 0. Suppose 0 = -3*k + g - 3, 0 = 3*l + 5*k - 12. Let t be -1 + 3 - l*8. Calculate the highest common factor of 20 and t.
10
Let r be -18*2/4*-2. What is the highest common factor of r and 36?
18
Suppose k + 15 = 4*k. Calculate the highest common divisor of 5 and k.
5
Suppose -2*g - 4*y + 134 = 0, 5*g - 200 = 3*y + 187. Suppose -g = -5*v + 5*n + 50, 4*v - 73 = -5*n. What is the highest common divisor of 154 and v?
22
Let v = -40 + -1. Let m = 145 + v. Calculate the greatest common divisor of m and 13.
13
Let f be 44 + 0*(-1)/4. Let p = -24 + f. Calculate the highest common divisor of 30 and p.
10
Let p be 38 + 0/(0 + -1). What is the greatest common divisor of 95 and p?
19
Let m be (-4)/18 + 188/36. Suppose -2*f + 37 = m. Let q be (62 + 2)*(1 + -1 + 2). Calculate the highest common factor of q and f.
16
Let g = 29 - 22. Calculate the greatest common factor of 1 and g.
1
Let p(y) = -y**3 - 4*y**2 + 4*y + 3. Let m be p(-5). Let g(b) = 6*b + 8. Let n be g(m). Calculate the greatest common divisor of n and 8.
8
Let n be (-1 - -94)*(-5 - -4). Let t = n - -209. Let x = t - 81. Calculate the highest common divisor of 7 and x.
7
Suppose -3*y - 2*w = -19, 0 = y + 5*w - 4*w - 8. Suppose -f + 16 - y = 0. Let m = -315 - -354. What is the highest common factor of f and m?
13
Suppose -8*f + 5*f + 6 = 0. Suppose s = f*l, 2*s + l - 14 - 1 = 0. Calculate the highest common factor of 30 and s.
6
Suppose 0 = -4*w - 0*w. Suppose 3*i + 282 - 918 = w. Let x be i/16 + (-2)/8. Calculate the highest common divisor of x and 26.
13
Let p = -27 - -48. Suppose 4*w = 5*k + p, -k = 2*w - 3*k - 12. Calculate the highest common divisor of w and 27.
9
Let i = 31 - 46. Let v = i - -23. Suppose m - 10 - 14 = 0. What is the highest common divisor of v and m?
8
Let v be (399/27 - 3) + 10/45. What is the highest common factor of v and 12?
12
Let s(u) = u**3 - 4*u**2 + 4*